{"id":8306,"date":"2024-01-11T16:38:14","date_gmt":"2024-01-11T19:38:14","guid":{"rendered":"https:\/\/iusc.com.br\/?page_id=8306"},"modified":"2024-01-11T16:54:08","modified_gmt":"2024-01-11T19:54:08","slug":"tratamento-cirurgico-de-hpb","status":"publish","type":"page","link":"https:\/\/iusc.com.br\/tratamento-cirurgico-de-hpb\/","title":{"rendered":"Tratamento cir\u00fargico de HPB"},"content":{"rendered":"\t\t<div data-elementor-type=\"wp-page\" data-elementor-id=\"8306\" class=\"elementor elementor-8306\" data-elementor-post-type=\"page\">\n\t\t\t\t\t\t<section class=\"elementor-section elementor-top-section elementor-element elementor-element-4298e24 elementor-section-boxed elementor-section-height-default elementor-section-height-default\" data-id=\"4298e24\" data-element_type=\"section\" data-settings=\"{&quot;background_background&quot;:&quot;classic&quot;}\">\n\t\t\t\t\t\t<div class=\"elementor-container elementor-column-gap-default\">\n\t\t\t\t\t<div class=\"elementor-column elementor-col-100 elementor-top-column elementor-element elementor-element-2bbf0ab4\" data-id=\"2bbf0ab4\" data-element_type=\"column\">\n\t\t\t<div class=\"elementor-widget-wrap elementor-element-populated\">\n\t\t\t\t\t\t<div class=\"elementor-element elementor-element-69c8d3fa elementor-widget elementor-widget-heading\" data-id=\"69c8d3fa\" data-element_type=\"widget\" data-widget_type=\"heading.default\">\n\t\t\t\t<div class=\"elementor-widget-container\">\n\t\t\t<h2 class=\"elementor-heading-title elementor-size-default\">procedimentos<\/h2>\t\t<\/div>\n\t\t\t\t<\/div>\n\t\t\t\t\t<\/div>\n\t\t<\/div>\n\t\t\t\t\t<\/div>\n\t\t<\/section>\n\t\t\t\t<section class=\"elementor-section elementor-top-section elementor-element elementor-element-604e5fd6 elementor-section-boxed elementor-section-height-default elementor-section-height-default\" data-id=\"604e5fd6\" data-element_type=\"section\" data-settings=\"{&quot;background_background&quot;:&quot;classic&quot;}\">\n\t\t\t\t\t\t\t<div class=\"elementor-background-overlay\"><\/div>\n\t\t\t\t\t\t\t<div class=\"elementor-container elementor-column-gap-default\">\n\t\t\t\t\t<div class=\"elementor-column elementor-col-100 elementor-top-column elementor-element elementor-element-c2dce1d\" data-id=\"c2dce1d\" data-element_type=\"column\">\n\t\t\t<div class=\"elementor-widget-wrap elementor-element-populated\">\n\t\t\t\t\t\t<div class=\"elementor-element elementor-element-544b6c9b elementor-widget elementor-widget-heading\" data-id=\"544b6c9b\" data-element_type=\"widget\" data-widget_type=\"heading.default\">\n\t\t\t\t<div class=\"elementor-widget-container\">\n\t\t\t<h2 class=\"elementor-heading-title elementor-size-default\">Tratamento cir\u00fargico de HPB<\/h2>\t\t<\/div>\n\t\t\t\t<\/div>\n\t\t\t\t<div class=\"elementor-element elementor-element-7c4731d elementor-widget elementor-widget-text-editor\" data-id=\"7c4731d\" data-element_type=\"widget\" data-widget_type=\"text-editor.default\">\n\t\t\t\t<div class=\"elementor-widget-container\">\n\t\t\t\t\t\t\t<p>Instituto de Urologia SC: Op\u00e7\u00f5es cir\u00fargicas para o tratamento de hiperplasia prost\u00e1tica benigna<br \/>(HPB)<br \/>No Instituto de Urologia SC, oferecemos uma variedade de op\u00e7\u00f5es cir\u00fargicas avan\u00e7adas para o<br \/>tratamento da Hiperplasia Prost\u00e1tica Benigna (HPB).<br \/>Nossos especialistas est\u00e3o comprometidos em fornecer tratamentos personalizados para<br \/>atender \u00e0s necessidades espec\u00edficas de cada paciente.<\/p><p>Abaixo est\u00e3o algumas das op\u00e7\u00f5es cir\u00fargicas dispon\u00edveis:<\/p>\t\t\t\t\t\t<\/div>\n\t\t\t\t<\/div>\n\t\t\t\t<section class=\"elementor-section elementor-inner-section elementor-element elementor-element-26d89ea2 elementor-section-boxed elementor-section-height-default elementor-section-height-default\" data-id=\"26d89ea2\" data-element_type=\"section\">\n\t\t\t\t\t\t<div class=\"elementor-container elementor-column-gap-default\">\n\t\t\t\t\t<div class=\"elementor-column elementor-col-100 elementor-inner-column elementor-element elementor-element-1e3d266e\" data-id=\"1e3d266e\" data-element_type=\"column\">\n\t\t\t<div class=\"elementor-widget-wrap elementor-element-populated\">\n\t\t\t\t\t\t<div class=\"elementor-element elementor-element-1257d8e0 elementor-widget elementor-widget-text-editor\" data-id=\"1257d8e0\" data-element_type=\"widget\" data-widget_type=\"text-editor.default\">\n\t\t\t\t<div class=\"elementor-widget-container\">\n\t\t\t\t\t\t\t<p><span style=\"color: #333399;\"><strong>1. Cirurgia endosc\u00f3pica monopolar e bipolar:<\/strong><\/span><br \/>Uma sonda endosc\u00f3pica \u00e9 inserida atrav\u00e9s da uretra at\u00e9 a pr\u00f3stata. A<br \/>cirurgia monopolar utiliza uma corrente el\u00e9trica para cortar ou vaporizar o tecido<br \/>prost\u00e1tico, enquanto a cirurgia bipolar utiliza uma solu\u00e7\u00e3o salina para o mesmo<br \/>prop\u00f3sito.<\/p><p><strong>Vantagens:<\/strong> \u00c9 eficaz para reduzir o tamanho da pr\u00f3stata, aliviando os sintomas<br \/>urin\u00e1rios.<\/p><p><strong><span style=\"color: #333399;\">2. Urolift:<\/span><\/strong><br \/>Implantes permanentes s\u00e3o inseridos na pr\u00f3stata para manter a uretra<br \/>aberta, aliviando a obstru\u00e7\u00e3o e melhorando o fluxo urin\u00e1rio.<\/p><p><strong>\u00a0<\/strong><strong>Vantagens:<\/strong> Procedimento menos invasivo, preserva a fun\u00e7\u00e3o sexual, recupera\u00e7\u00e3o mais<br \/>r\u00e1pida.<\/p><p><strong><span style=\"color: #333399;\">3. Greenlaser (Laser verde):<\/span><\/strong><br \/>Um laser verde \u00e9 utilizado para vaporizar o tecido prost\u00e1tico, reduzindo a<br \/>obstru\u00e7\u00e3o.<\/p><p><strong>Vantagens:<\/strong> Menos sangramento, recupera\u00e7\u00e3o mais r\u00e1pida, menos tempo de<br \/>interna\u00e7\u00e3o.<\/p><p><strong><span style=\"color: #333399;\">4. HoLEP (Enuclea\u00e7\u00e3o a Laser de Pr\u00f3stata com Holmium):<\/span><\/strong><br \/>Utiliza laser holmium para enuclea\u00e7\u00e3o (remo\u00e7\u00e3o) do tecido prost\u00e1tico<br \/>aumentado.<\/p><p><strong>Vantagens:<\/strong> Eficaz para pr\u00f3statas maiores, menor tempo de interna\u00e7\u00e3o, recupera\u00e7\u00e3o<br \/>mais r\u00e1pida.<\/p><p><strong><span style=\"color: #333399;\">5. BipoLEP (Enuclea\u00e7\u00e3o bipolar de pr\u00f3stata):<\/span><\/strong><br \/>Combina tecnologia bipolar com enuclea\u00e7\u00e3o para remover o tecido<br \/>prost\u00e1tico.<\/p><p><strong>Vantagens:<\/strong> Menos riscos de sangramento, preserva a fun\u00e7\u00e3o sexual, recupera\u00e7\u00e3o mais<br \/>r\u00e1pida.<\/p><p><strong><span style=\"color: #333399;\">6. Cirurgia videolaparosc\u00f3pica:<\/span><\/strong><br \/>Realizada por meio de pequenas incis\u00f5es, utiliza uma c\u00e2mera e<br \/>instrumentos cir\u00fargicos para remover o tecido prost\u00e1tico.<\/p><p><strong>Vantagens:<\/strong> Menos trauma, recupera\u00e7\u00e3o mais r\u00e1pida, menor tempo de interna\u00e7\u00e3o.<\/p><p><span style=\"color: #333399;\"><strong>7. Cirurgia aberta:<\/strong><\/span><br \/>Realizada por meio de uma incis\u00e3o na \u00e1rea abdominal para acessar a<br \/>pr\u00f3stata e remover o tecido aumentado.<\/p><p><strong>Vantagens:<\/strong> Indicada para casos mais complexos, eficaz para pr\u00f3statas muito grandes.<br \/>Nossos especialistas do Instituto de Urologia SC avaliam cuidadosamente cada caso para<br \/>determinar a abordagem mais adequada.<br \/>Se voc\u00ea est\u00e1 enfrentando sintomas relacionados \u00e0 Hiperplasia Prost\u00e1tica Benigna (HPB), entre<br \/>em contato conosco para uma avalia\u00e7\u00e3o e orienta\u00e7\u00e3o especializada sobre as op\u00e7\u00f5es de<br \/>tratamento cir\u00fargico dispon\u00edveis para voc\u00ea.<\/p>\t\t\t\t\t\t<\/div>\n\t\t\t\t<\/div>\n\t\t\t\t\t<\/div>\n\t\t<\/div>\n\t\t\t\t\t<\/div>\n\t\t<\/section>\n\t\t\t\t\t<\/div>\n\t\t<\/div>\n\t\t\t\t\t<\/div>\n\t\t<\/section>\n\t\t\t\t<section class=\"elementor-section elementor-top-section elementor-element elementor-element-3ad119e7 elementor-section-boxed elementor-section-height-default elementor-section-height-default\" data-id=\"3ad119e7\" data-element_type=\"section\">\n\t\t\t\t\t\t<div class=\"elementor-container elementor-column-gap-default\">\n\t\t\t\t\t<div class=\"elementor-column elementor-col-100 elementor-top-column elementor-element elementor-element-523ad8e\" data-id=\"523ad8e\" data-element_type=\"column\">\n\t\t\t<div class=\"elementor-widget-wrap elementor-element-populated\">\n\t\t\t\t\t\t<div class=\"elementor-element elementor-element-b522d46 elementor-align-center elementor-mobile-align-center elementor-widget elementor-widget-button\" data-id=\"b522d46\" data-element_type=\"widget\" data-widget_type=\"button.default\">\n\t\t\t\t<div class=\"elementor-widget-container\">\n\t\t\t\t\t\t\t<div class=\"elementor-button-wrapper\">\n\t\t\t\t\t<a class=\"elementor-button elementor-button-link elementor-size-sm elementor-animation-grow\" href=\"https:\/\/api.whatsapp.com\/send?phone=5548991445009&#038;text=Ol%C3%A1!%20Estou%20no%20site%20do%20IUSC%20e%20gostaria%20de%20agendar%20uma%20consulta\">\n\t\t\t\t\t\t<span class=\"elementor-button-content-wrapper\">\n\t\t\t\t\t\t<span class=\"elementor-button-icon\">\n\t\t\t\t<i aria-hidden=\"true\" class=\"fab fa-whatsapp\"><\/i>\t\t\t<\/span>\n\t\t\t\t\t\t\t\t\t<span class=\"elementor-button-text\">Agende sua Consulta!<\/span>\n\t\t\t\t\t<\/span>\n\t\t\t\t\t<\/a>\n\t\t\t\t<\/div>\n\t\t\t\t\t\t<\/div>\n\t\t\t\t<\/div>\n\t\t\t\t\t<\/div>\n\t\t<\/div>\n\t\t\t\t\t<\/div>\n\t\t<\/section>\n\t\t\t\t<\/div>\n\t\t","protected":false},"excerpt":{"rendered":"<p>procedimentos Tratamento cir\u00fargico de HPB Instituto de Urologia SC: Op\u00e7\u00f5es cir\u00fargicas para o tratamento de hiperplasia prost\u00e1tica benigna(HPB)No Instituto de Urologia SC, oferecemos uma variedade de op\u00e7\u00f5es cir\u00fargicas avan\u00e7adas para otratamento da Hiperplasia Prost\u00e1tica Benigna (HPB).Nossos especialistas est\u00e3o comprometidos em fornecer tratamentos personalizados paraatender \u00e0s necessidades espec\u00edficas de cada paciente. Abaixo est\u00e3o algumas das op\u00e7\u00f5es [&hellip;]<\/p>\n","protected":false},"author":123458,"featured_media":0,"parent":0,"menu_order":0,"comment_status":"closed","ping_status":"closed","template":"","meta":{"_joinchat":[],"footnotes":""},"class_list":["post-8306","page","type-page","status-publish","hentry"],"_links":{"self":[{"href":"https:\/\/iusc.com.br\/wp-json\/wp\/v2\/pages\/8306"}],"collection":[{"href":"https:\/\/iusc.com.br\/wp-json\/wp\/v2\/pages"}],"about":[{"href":"https:\/\/iusc.com.br\/wp-json\/wp\/v2\/types\/page"}],"author":[{"embeddable":true,"href":"https:\/\/iusc.com.br\/wp-json\/wp\/v2\/users\/123458"}],"replies":[{"embeddable":true,"href":"https:\/\/iusc.com.br\/wp-json\/wp\/v2\/comments?post=8306"}],"version-history":[{"count":19,"href":"https:\/\/iusc.com.br\/wp-json\/wp\/v2\/pages\/8306\/revisions"}],"predecessor-version":[{"id":8329,"href":"https:\/\/iusc.com.br\/wp-json\/wp\/v2\/pages\/8306\/revisions\/8329"}],"wp:attachment":[{"href":"https:\/\/iusc.com.br\/wp-json\/wp\/v2\/media?parent=8306"}],"curies":[{"name":"wp","href":"https:\/\/api.w.org\/{rel}","templated":true}]}}