{"id":8261,"date":"2024-01-11T16:22:17","date_gmt":"2024-01-11T19:22:17","guid":{"rendered":"https:\/\/iusc.com.br\/?page_id=8261"},"modified":"2024-01-11T16:26:17","modified_gmt":"2024-01-11T19:26:17","slug":"disfuncao-eretil","status":"publish","type":"page","link":"https:\/\/iusc.com.br\/disfuncao-eretil\/","title":{"rendered":"Disfun\u00e7\u00e3o er\u00e9til"},"content":{"rendered":"\t\t<div data-elementor-type=\"wp-page\" data-elementor-id=\"8261\" class=\"elementor elementor-8261\" data-elementor-post-type=\"page\">\n\t\t\t\t\t\t<section class=\"elementor-section elementor-top-section elementor-element elementor-element-105423b8 elementor-section-boxed elementor-section-height-default elementor-section-height-default\" data-id=\"105423b8\" data-element_type=\"section\" data-settings=\"{&quot;background_background&quot;:&quot;classic&quot;}\">\n\t\t\t\t\t\t<div class=\"elementor-container elementor-column-gap-default\">\n\t\t\t\t\t<div class=\"elementor-column elementor-col-100 elementor-top-column elementor-element elementor-element-6464cdd4\" data-id=\"6464cdd4\" data-element_type=\"column\">\n\t\t\t<div class=\"elementor-widget-wrap elementor-element-populated\">\n\t\t\t\t\t\t<div class=\"elementor-element elementor-element-21a079b1 elementor-widget elementor-widget-heading\" data-id=\"21a079b1\" data-element_type=\"widget\" data-widget_type=\"heading.default\">\n\t\t\t\t<div class=\"elementor-widget-container\">\n\t\t\t<h2 class=\"elementor-heading-title elementor-size-default\">urologia<\/h2>\t\t<\/div>\n\t\t\t\t<\/div>\n\t\t\t\t\t<\/div>\n\t\t<\/div>\n\t\t\t\t\t<\/div>\n\t\t<\/section>\n\t\t\t\t<section class=\"elementor-section elementor-top-section elementor-element elementor-element-552552a2 elementor-section-boxed elementor-section-height-default elementor-section-height-default\" data-id=\"552552a2\" data-element_type=\"section\" data-settings=\"{&quot;background_background&quot;:&quot;classic&quot;}\">\n\t\t\t\t\t\t\t<div class=\"elementor-background-overlay\"><\/div>\n\t\t\t\t\t\t\t<div class=\"elementor-container elementor-column-gap-default\">\n\t\t\t\t\t<div class=\"elementor-column elementor-col-100 elementor-top-column elementor-element elementor-element-55c930d7\" data-id=\"55c930d7\" data-element_type=\"column\">\n\t\t\t<div class=\"elementor-widget-wrap elementor-element-populated\">\n\t\t\t\t\t\t<div class=\"elementor-element elementor-element-7575716b elementor-widget__width-initial elementor-widget elementor-widget-heading\" data-id=\"7575716b\" data-element_type=\"widget\" data-widget_type=\"heading.default\">\n\t\t\t\t<div class=\"elementor-widget-container\">\n\t\t\t<h2 class=\"elementor-heading-title elementor-size-default\">Disfun\u00e7\u00e3o er\u00e9til\n<\/h2>\t\t<\/div>\n\t\t\t\t<\/div>\n\t\t\t\t<div class=\"elementor-element elementor-element-0dec776 elementor-widget elementor-widget-text-editor\" data-id=\"0dec776\" data-element_type=\"widget\" data-widget_type=\"text-editor.default\">\n\t\t\t\t<div class=\"elementor-widget-container\">\n\t\t\t\t\t\t\t<p>Compreens\u00e3o e tratamento da disfun\u00e7\u00e3o Er\u00e9til<br \/>A disfun\u00e7\u00e3o er\u00e9til (DE) \u00e9 uma condi\u00e7\u00e3o comum que afeta muitos homens em diferentes fases<br \/>da vida.<br \/>No Instituto de Urologia SC, reconhecemos a import\u00e2ncia de uma abordagem compassiva e<br \/>eficaz para diagnosticar e tratar a DE, visando melhorar a qualidade de vida e a sa\u00fade sexual<br \/>dos nossos pacientes.<\/p>\t\t\t\t\t\t<\/div>\n\t\t\t\t<\/div>\n\t\t\t\t<section class=\"elementor-section elementor-inner-section elementor-element elementor-element-12aee5f elementor-section-boxed elementor-section-height-default elementor-section-height-default\" data-id=\"12aee5f\" data-element_type=\"section\">\n\t\t\t\t\t\t<div class=\"elementor-container elementor-column-gap-default\">\n\t\t\t\t\t<div class=\"elementor-column elementor-col-100 elementor-inner-column elementor-element elementor-element-6e944776\" data-id=\"6e944776\" data-element_type=\"column\">\n\t\t\t<div class=\"elementor-widget-wrap elementor-element-populated\">\n\t\t\t\t\t\t<div class=\"elementor-element elementor-element-126d4e65 elementor-widget elementor-widget-heading\" data-id=\"126d4e65\" data-element_type=\"widget\" data-widget_type=\"heading.default\">\n\t\t\t\t<div class=\"elementor-widget-container\">\n\t\t\t<h2 class=\"elementor-heading-title elementor-size-default\"> O que \u00e9 a disfun\u00e7\u00e3o er\u00e9til?<\/h2>\t\t<\/div>\n\t\t\t\t<\/div>\n\t\t\t\t<div class=\"elementor-element elementor-element-5df6294c elementor-widget elementor-widget-text-editor\" data-id=\"5df6294c\" data-element_type=\"widget\" data-widget_type=\"text-editor.default\">\n\t\t\t\t<div class=\"elementor-widget-container\">\n\t\t\t\t\t\t\t<p>A disfun\u00e7\u00e3o er\u00e9til \u00e9 a incapacidade persistente de atingir ou manter uma ere\u00e7\u00e3o suficiente para<br \/>uma rela\u00e7\u00e3o sexual satisfat\u00f3ria.<\/p><p><strong>Causas f\u00edsicas da disfun\u00e7\u00e3o er\u00e9til:<\/strong><br \/>Doen\u00e7as cardiovasculares: Problemas circulat\u00f3rios podem afetar o fluxo sangu\u00edneo<br \/>para o p\u00eanis.<br \/><strong>Diabetes:<\/strong> Danos aos nervos e vasos sangu\u00edneos podem contribuir para a DE.<br \/><strong>Hipertens\u00e3o:<\/strong> Press\u00e3o arterial elevada pode prejudicar a fun\u00e7\u00e3o er\u00e9til.<br \/><strong>Les\u00f5es ou cirurgias:<\/strong> Traumas ou procedimentos cir\u00fargicos na regi\u00e3o p\u00e9lvica podem<br \/>afetar a ere\u00e7\u00e3o.<\/p>\t\t\t\t\t\t<\/div>\n\t\t\t\t<\/div>\n\t\t\t\t\t<\/div>\n\t\t<\/div>\n\t\t\t\t\t<\/div>\n\t\t<\/section>\n\t\t\t\t<section class=\"elementor-section elementor-inner-section elementor-element elementor-element-506666ba elementor-section-boxed elementor-section-height-default elementor-section-height-default\" data-id=\"506666ba\" data-element_type=\"section\">\n\t\t\t\t\t\t<div class=\"elementor-container elementor-column-gap-default\">\n\t\t\t\t\t<div class=\"elementor-column elementor-col-100 elementor-inner-column elementor-element elementor-element-1996d03f\" data-id=\"1996d03f\" data-element_type=\"column\">\n\t\t\t<div class=\"elementor-widget-wrap elementor-element-populated\">\n\t\t\t\t\t\t<div class=\"elementor-element elementor-element-1a06ef5e elementor-widget elementor-widget-heading\" data-id=\"1a06ef5e\" data-element_type=\"widget\" data-widget_type=\"heading.default\">\n\t\t\t\t<div class=\"elementor-widget-container\">\n\t\t\t<h2 class=\"elementor-heading-title elementor-size-default\">Causas psicol\u00f3gicas da disfun\u00e7\u00e3o er\u00e9til:<\/h2>\t\t<\/div>\n\t\t\t\t<\/div>\n\t\t\t\t<div class=\"elementor-element elementor-element-7776ca2a elementor-widget elementor-widget-text-editor\" data-id=\"7776ca2a\" data-element_type=\"widget\" data-widget_type=\"text-editor.default\">\n\t\t\t\t<div class=\"elementor-widget-container\">\n\t\t\t\t\t\t\t<p><strong>Estresse e ansiedade:<\/strong> Press\u00f5es do dia a dia podem interferir na fun\u00e7\u00e3o sexual.<br \/><strong>Depress\u00e3o:<\/strong> Altera\u00e7\u00f5es de humor podem impactar negativamente a resposta sexual.<br \/><strong>Problemas de relacionamento:<\/strong> Tens\u00f5es conjugais podem contribuir para a DE.<\/p>\t\t\t\t\t\t<\/div>\n\t\t\t\t<\/div>\n\t\t\t\t\t<\/div>\n\t\t<\/div>\n\t\t\t\t\t<\/div>\n\t\t<\/section>\n\t\t\t\t<section class=\"elementor-section elementor-inner-section elementor-element elementor-element-7d805d94 elementor-section-boxed elementor-section-height-default elementor-section-height-default\" data-id=\"7d805d94\" data-element_type=\"section\">\n\t\t\t\t\t\t<div class=\"elementor-container elementor-column-gap-default\">\n\t\t\t\t\t<div class=\"elementor-column elementor-col-100 elementor-inner-column elementor-element elementor-element-123588f4\" data-id=\"123588f4\" data-element_type=\"column\">\n\t\t\t<div class=\"elementor-widget-wrap elementor-element-populated\">\n\t\t\t\t\t\t<div class=\"elementor-element elementor-element-8934273 elementor-widget elementor-widget-heading\" data-id=\"8934273\" data-element_type=\"widget\" data-widget_type=\"heading.default\">\n\t\t\t\t<div class=\"elementor-widget-container\">\n\t\t\t<h2 class=\"elementor-heading-title elementor-size-default\"> Abordagem diagn\u00f3stica:<\/h2>\t\t<\/div>\n\t\t\t\t<\/div>\n\t\t\t\t<div class=\"elementor-element elementor-element-6199012c elementor-widget elementor-widget-text-editor\" data-id=\"6199012c\" data-element_type=\"widget\" data-widget_type=\"text-editor.default\">\n\t\t\t\t<div class=\"elementor-widget-container\">\n\t\t\t\t\t\t\t<p>No Instituto de Urologia SC, a avalia\u00e7\u00e3o da DE \u00e9 detalhada e inclui:<br \/><strong>Hist\u00f3rico m\u00e9dico:<\/strong> Entendimento dos sintomas, fatores de risco e hist\u00f3rico sexual.<br \/><strong>Exames f\u00edsicos:<\/strong> Avalia\u00e7\u00e3o de sinais vitais, fun\u00e7\u00e3o hormonal e exame do p\u00eanis e<br \/>test\u00edculos.<br \/><strong>Exames laboratoriais:<\/strong> Verifica\u00e7\u00e3o de n\u00edveis hormonais, glicose e outros indicadores<br \/>relevantes.<br \/><strong>Exames de imagem:<\/strong> Em alguns casos, podem ser realizados para avaliar o fluxo<br \/>sangu\u00edneo penian<\/p>\t\t\t\t\t\t<\/div>\n\t\t\t\t<\/div>\n\t\t\t\t<div class=\"elementor-element elementor-element-f2ca413 elementor-widget elementor-widget-heading\" data-id=\"f2ca413\" data-element_type=\"widget\" data-widget_type=\"heading.default\">\n\t\t\t\t<div class=\"elementor-widget-container\">\n\t\t\t<h2 class=\"elementor-heading-title elementor-size-default\">Op\u00e7\u00f5es de tratamento:<\/h2>\t\t<\/div>\n\t\t\t\t<\/div>\n\t\t\t\t<div class=\"elementor-element elementor-element-6ee9420e elementor-widget elementor-widget-text-editor\" data-id=\"6ee9420e\" data-element_type=\"widget\" data-widget_type=\"text-editor.default\">\n\t\t\t\t<div class=\"elementor-widget-container\">\n\t\t\t\t\t\t\t<p><strong>Inje\u00e7\u00f5es intracavernosas:<\/strong> Medicamentos injetados no p\u00eanis para induzir ere\u00e7\u00e3o.<br \/><strong>Terapia de v\u00e1cuo:<\/strong> Dispositivos que criam v\u00e1cuo, facilitando a ere\u00e7\u00e3o.<br \/><strong>Cirurgia:<\/strong> Em casos espec\u00edficos, procedimentos cir\u00fargicos podem ser considerados.<br \/><strong>Terapia sexual e psicol\u00f3gica:<\/strong> Abordagem para quest\u00f5es psicol\u00f3gicas subjacentes.<br \/>Medicamentos: Dependendo do caso, certos medicamentos s\u00e3o prescritos para a<br \/>melhora.<\/p>\t\t\t\t\t\t<\/div>\n\t\t\t\t<\/div>\n\t\t\t\t\t<\/div>\n\t\t<\/div>\n\t\t\t\t\t<\/div>\n\t\t<\/section>\n\t\t\t\t\t<\/div>\n\t\t<\/div>\n\t\t\t\t\t<\/div>\n\t\t<\/section>\n\t\t\t\t<section class=\"elementor-section elementor-top-section elementor-element elementor-element-7fdab08b elementor-section-boxed elementor-section-height-default elementor-section-height-default\" data-id=\"7fdab08b\" data-element_type=\"section\">\n\t\t\t\t\t\t<div class=\"elementor-container elementor-column-gap-default\">\n\t\t\t\t\t<div class=\"elementor-column elementor-col-100 elementor-top-column elementor-element elementor-element-29aea3c4\" data-id=\"29aea3c4\" data-element_type=\"column\">\n\t\t\t<div class=\"elementor-widget-wrap elementor-element-populated\">\n\t\t\t\t\t\t<div class=\"elementor-element elementor-element-728fef02 elementor-align-center elementor-mobile-align-center elementor-widget elementor-widget-button\" data-id=\"728fef02\" data-element_type=\"widget\" data-widget_type=\"button.default\">\n\t\t\t\t<div class=\"elementor-widget-container\">\n\t\t\t\t\t\t\t<div class=\"elementor-button-wrapper\">\n\t\t\t\t\t<a class=\"elementor-button elementor-button-link elementor-size-sm elementor-animation-grow\" href=\"https:\/\/api.whatsapp.com\/send?phone=5548991445009&#038;text=Ol%C3%A1!%20Estou%20no%20site%20do%20IUSC%20e%20gostaria%20de%20agendar%20uma%20consulta\">\n\t\t\t\t\t\t<span class=\"elementor-button-content-wrapper\">\n\t\t\t\t\t\t<span class=\"elementor-button-icon\">\n\t\t\t\t<i aria-hidden=\"true\" class=\"fab fa-whatsapp\"><\/i>\t\t\t<\/span>\n\t\t\t\t\t\t\t\t\t<span class=\"elementor-button-text\">Agende sua Consulta!<\/span>\n\t\t\t\t\t<\/span>\n\t\t\t\t\t<\/a>\n\t\t\t\t<\/div>\n\t\t\t\t\t\t<\/div>\n\t\t\t\t<\/div>\n\t\t\t\t\t<\/div>\n\t\t<\/div>\n\t\t\t\t\t<\/div>\n\t\t<\/section>\n\t\t\t\t<\/div>\n\t\t","protected":false},"excerpt":{"rendered":"<p>urologia Disfun\u00e7\u00e3o er\u00e9til Compreens\u00e3o e tratamento da disfun\u00e7\u00e3o Er\u00e9tilA disfun\u00e7\u00e3o er\u00e9til (DE) \u00e9 uma condi\u00e7\u00e3o comum que afeta muitos homens em diferentes fasesda vida.No Instituto de Urologia SC, reconhecemos a import\u00e2ncia de uma abordagem compassiva eeficaz para diagnosticar e tratar a DE, visando melhorar a qualidade de vida e a sa\u00fade sexualdos nossos pacientes. O [&hellip;]<\/p>\n","protected":false},"author":123458,"featured_media":0,"parent":0,"menu_order":0,"comment_status":"closed","ping_status":"closed","template":"","meta":{"_joinchat":[],"footnotes":""},"class_list":["post-8261","page","type-page","status-publish","hentry"],"_links":{"self":[{"href":"https:\/\/iusc.com.br\/wp-json\/wp\/v2\/pages\/8261"}],"collection":[{"href":"https:\/\/iusc.com.br\/wp-json\/wp\/v2\/pages"}],"about":[{"href":"https:\/\/iusc.com.br\/wp-json\/wp\/v2\/types\/page"}],"author":[{"embeddable":true,"href":"https:\/\/iusc.com.br\/wp-json\/wp\/v2\/users\/123458"}],"replies":[{"embeddable":true,"href":"https:\/\/iusc.com.br\/wp-json\/wp\/v2\/comments?post=8261"}],"version-history":[{"count":13,"href":"https:\/\/iusc.com.br\/wp-json\/wp\/v2\/pages\/8261\/revisions"}],"predecessor-version":[{"id":8275,"href":"https:\/\/iusc.com.br\/wp-json\/wp\/v2\/pages\/8261\/revisions\/8275"}],"wp:attachment":[{"href":"https:\/\/iusc.com.br\/wp-json\/wp\/v2\/media?parent=8261"}],"curies":[{"name":"wp","href":"https:\/\/api.w.org\/{rel}","templated":true}]}}