{"id":8234,"date":"2024-01-11T16:10:12","date_gmt":"2024-01-11T19:10:12","guid":{"rendered":"https:\/\/iusc.com.br\/?page_id=8234"},"modified":"2024-01-11T16:14:53","modified_gmt":"2024-01-11T19:14:53","slug":"incontinencia-urinaria-feminina-e-masculina","status":"publish","type":"page","link":"https:\/\/iusc.com.br\/incontinencia-urinaria-feminina-e-masculina\/","title":{"rendered":"Incontin\u00eancia urin\u00e1ria feminina e masculina"},"content":{"rendered":"\t\t<div data-elementor-type=\"wp-page\" data-elementor-id=\"8234\" class=\"elementor elementor-8234\" data-elementor-post-type=\"page\">\n\t\t\t\t\t\t<section class=\"elementor-section elementor-top-section elementor-element elementor-element-2bb0609e elementor-section-boxed elementor-section-height-default elementor-section-height-default\" data-id=\"2bb0609e\" data-element_type=\"section\" data-settings=\"{&quot;background_background&quot;:&quot;classic&quot;}\">\n\t\t\t\t\t\t<div class=\"elementor-container elementor-column-gap-default\">\n\t\t\t\t\t<div class=\"elementor-column elementor-col-100 elementor-top-column elementor-element elementor-element-3c6c4ea9\" data-id=\"3c6c4ea9\" data-element_type=\"column\">\n\t\t\t<div class=\"elementor-widget-wrap elementor-element-populated\">\n\t\t\t\t\t\t<div class=\"elementor-element elementor-element-6f3436dd elementor-widget elementor-widget-heading\" data-id=\"6f3436dd\" data-element_type=\"widget\" data-widget_type=\"heading.default\">\n\t\t\t\t<div class=\"elementor-widget-container\">\n\t\t\t<h2 class=\"elementor-heading-title elementor-size-default\">urologia<\/h2>\t\t<\/div>\n\t\t\t\t<\/div>\n\t\t\t\t\t<\/div>\n\t\t<\/div>\n\t\t\t\t\t<\/div>\n\t\t<\/section>\n\t\t\t\t<section class=\"elementor-section elementor-top-section elementor-element elementor-element-4a09e25f elementor-section-boxed elementor-section-height-default elementor-section-height-default\" data-id=\"4a09e25f\" data-element_type=\"section\" data-settings=\"{&quot;background_background&quot;:&quot;classic&quot;}\">\n\t\t\t\t\t\t\t<div class=\"elementor-background-overlay\"><\/div>\n\t\t\t\t\t\t\t<div class=\"elementor-container elementor-column-gap-default\">\n\t\t\t\t\t<div class=\"elementor-column elementor-col-100 elementor-top-column elementor-element elementor-element-19b37c85\" data-id=\"19b37c85\" data-element_type=\"column\">\n\t\t\t<div class=\"elementor-widget-wrap elementor-element-populated\">\n\t\t\t\t\t\t<div class=\"elementor-element elementor-element-5ad4fd73 elementor-widget elementor-widget-heading\" data-id=\"5ad4fd73\" data-element_type=\"widget\" data-widget_type=\"heading.default\">\n\t\t\t\t<div class=\"elementor-widget-container\">\n\t\t\t<h2 class=\"elementor-heading-title elementor-size-default\">Incontin\u00eancia urin\u00e1ria feminina e masculina<\/h2>\t\t<\/div>\n\t\t\t\t<\/div>\n\t\t\t\t<section class=\"elementor-section elementor-inner-section elementor-element elementor-element-ad33b3d elementor-section-boxed elementor-section-height-default elementor-section-height-default\" data-id=\"ad33b3d\" data-element_type=\"section\">\n\t\t\t\t\t\t<div class=\"elementor-container elementor-column-gap-default\">\n\t\t\t\t\t<div class=\"elementor-column elementor-col-100 elementor-inner-column elementor-element elementor-element-75ace02a\" data-id=\"75ace02a\" data-element_type=\"column\">\n\t\t\t<div class=\"elementor-widget-wrap elementor-element-populated\">\n\t\t\t\t\t\t<div class=\"elementor-element elementor-element-beae5a2 elementor-widget elementor-widget-heading\" data-id=\"beae5a2\" data-element_type=\"widget\" data-widget_type=\"heading.default\">\n\t\t\t\t<div class=\"elementor-widget-container\">\n\t\t\t<h2 class=\"elementor-heading-title elementor-size-default\">O que \u00e9 a incontin\u00eancia urin\u00e1ria\n?<\/h2>\t\t<\/div>\n\t\t\t\t<\/div>\n\t\t\t\t<div class=\"elementor-element elementor-element-5d670ce9 elementor-widget elementor-widget-text-editor\" data-id=\"5d670ce9\" data-element_type=\"widget\" data-widget_type=\"text-editor.default\">\n\t\t\t\t<div class=\"elementor-widget-container\">\n\t\t\t\t\t\t\t<p>A incontin\u00eancia urin\u00e1ria \u00e9 uma condi\u00e7\u00e3o que pode afetar homens e mulheres de todas as<br \/>idades, impactando significativamente a qualidade de vida.<br \/>No Instituto de Urologia SC, oferecemos uma abordagem compassiva e especializada para<br \/>diagnosticar e tratar a incontin\u00eancia urin\u00e1ria, visando restaurar a confian\u00e7a e promover o<br \/>bem-estar dos nossos pacientes.<\/p>\t\t\t\t\t\t<\/div>\n\t\t\t\t<\/div>\n\t\t\t\t\t<\/div>\n\t\t<\/div>\n\t\t\t\t\t<\/div>\n\t\t<\/section>\n\t\t\t\t<section class=\"elementor-section elementor-inner-section elementor-element elementor-element-5e170546 elementor-section-boxed elementor-section-height-default elementor-section-height-default\" data-id=\"5e170546\" data-element_type=\"section\">\n\t\t\t\t\t\t<div class=\"elementor-container elementor-column-gap-default\">\n\t\t\t\t\t<div class=\"elementor-column elementor-col-100 elementor-inner-column elementor-element elementor-element-1d237c2f\" data-id=\"1d237c2f\" data-element_type=\"column\">\n\t\t\t<div class=\"elementor-widget-wrap elementor-element-populated\">\n\t\t\t\t\t\t<div class=\"elementor-element elementor-element-4eacf10b elementor-widget elementor-widget-heading\" data-id=\"4eacf10b\" data-element_type=\"widget\" data-widget_type=\"heading.default\">\n\t\t\t\t<div class=\"elementor-widget-container\">\n\t\t\t<h2 class=\"elementor-heading-title elementor-size-default\">Incontin\u00eancia urin\u00e1ria feminina:<\/h2>\t\t<\/div>\n\t\t\t\t<\/div>\n\t\t\t\t<div class=\"elementor-element elementor-element-68ffcbae elementor-widget elementor-widget-text-editor\" data-id=\"68ffcbae\" data-element_type=\"widget\" data-widget_type=\"text-editor.default\">\n\t\t\t\t<div class=\"elementor-widget-container\">\n\t\t\t\t\t\t\t<p>A incontin\u00eancia urin\u00e1ria feminina \u00e9 caracterizada pela perda involunt\u00e1ria de urina, e pode ser<br \/>causada por diferentes fatores, incluindo:<\/p><p><strong>Fraqueza muscular p\u00e9lvica:<\/strong> Particularmente comum ap\u00f3s o parto ou devido ao<br \/>envelhecimento;<br \/><strong>Altera\u00e7\u00f5es hormonais:<\/strong> Menopausa e diminui\u00e7\u00e3o dos n\u00edveis hormonais podem<br \/>contribuir para a incontin\u00eancia;<br \/><strong>Problemas neurol\u00f3gicos:<\/strong> Danos aos nervos que controlam a bexiga podem levar \u00e0<br \/>incontin\u00eancia;<br \/><strong>Obstru\u00e7\u00f5es do trato urin\u00e1rio:<\/strong> Bloqueios f\u00edsicos podem interferir no controle da bexiga;<br \/><strong>Infec\u00e7\u00f5es do trato urin\u00e1rio:<\/strong> Podem levar a sintomas de incontin\u00eancia.<br \/>O tratamento para incontin\u00eancia urin\u00e1ria feminina pode incluir fisioterapia p\u00e9lvica,<br \/>medicamentos, dispositivos de suporte, procedimentos minimamente invasivos ou cirurgia,<br \/>dependendo da causa subjacente e da gravidade dos sintomas.<\/p>\t\t\t\t\t\t<\/div>\n\t\t\t\t<\/div>\n\t\t\t\t\t<\/div>\n\t\t<\/div>\n\t\t\t\t\t<\/div>\n\t\t<\/section>\n\t\t\t\t<section class=\"elementor-section elementor-inner-section elementor-element elementor-element-470af460 elementor-section-boxed elementor-section-height-default elementor-section-height-default\" data-id=\"470af460\" data-element_type=\"section\">\n\t\t\t\t\t\t<div class=\"elementor-container elementor-column-gap-default\">\n\t\t\t\t\t<div class=\"elementor-column elementor-col-100 elementor-inner-column elementor-element elementor-element-5895c6e3\" data-id=\"5895c6e3\" data-element_type=\"column\">\n\t\t\t<div class=\"elementor-widget-wrap elementor-element-populated\">\n\t\t\t\t\t\t<div class=\"elementor-element elementor-element-4a84b045 elementor-widget elementor-widget-heading\" data-id=\"4a84b045\" data-element_type=\"widget\" data-widget_type=\"heading.default\">\n\t\t\t\t<div class=\"elementor-widget-container\">\n\t\t\t<h2 class=\"elementor-heading-title elementor-size-default\">Incontin\u00eancia urin\u00e1ria masculina:\n<\/h2>\t\t<\/div>\n\t\t\t\t<\/div>\n\t\t\t\t<div class=\"elementor-element elementor-element-2960d4dc elementor-widget elementor-widget-text-editor\" data-id=\"2960d4dc\" data-element_type=\"widget\" data-widget_type=\"text-editor.default\">\n\t\t\t\t<div class=\"elementor-widget-container\">\n\t\t\t\t\t\t\t<p>Nos homens, a incontin\u00eancia urin\u00e1ria pode ser atribu\u00edda a v\u00e1rias condi\u00e7\u00f5es, tais como:<\/p><p><strong>C\u00e2ncer de pr\u00f3stata:<\/strong> Tratamentos como cirurgia ou radioterapia podem afetar a<br \/>contin\u00eancia urin\u00e1ria;<br \/><strong>Hiperplasia prost\u00e1tica benigna (HPB):<\/strong> O aumento da pr\u00f3stata pode levar a sintomas de<br \/>incontin\u00eancia;<br \/><strong>Les\u00f5es do esf\u00edncter urin\u00e1rio:<\/strong> Traumas ou cirurgias podem danificar os m\u00fasculos que<br \/>controlam a libera\u00e7\u00e3o da urina.<br \/><strong>Problemas neurol\u00f3gicos:<\/strong> Danos nos nervos que controlam a bexiga podem causar<br \/>incontin\u00eancia.<br \/>O tratamento para incontin\u00eancia urin\u00e1ria masculina pode envolver abordagens semelhantes \u00e0s<br \/>utilizadas para mulheres, incluindo fisioterapia, medicamentos, dispositivos de suporte,<br \/>procedimentos minimamente invasivos ou cirurgia, dependendo da causa e da gravidade dos<br \/>sintomas.<\/p><p>No Instituto de Urologia SC, compreendemos a natureza de cada caso de incontin\u00eancia<br \/>urin\u00e1ria. Nossa equipe trabalha em conjunto para realizar avalia\u00e7\u00f5es abrangentes, identificar as<br \/>causas subjacentes e desenvolver planos de tratamento personalizados para atender \u00e0s<br \/>necessidades espec\u00edficas de cada paciente.<\/p>\t\t\t\t\t\t<\/div>\n\t\t\t\t<\/div>\n\t\t\t\t\t<\/div>\n\t\t<\/div>\n\t\t\t\t\t<\/div>\n\t\t<\/section>\n\t\t\t\t\t<\/div>\n\t\t<\/div>\n\t\t\t\t\t<\/div>\n\t\t<\/section>\n\t\t\t\t<section class=\"elementor-section elementor-top-section elementor-element elementor-element-45c176d7 elementor-section-boxed elementor-section-height-default elementor-section-height-default\" data-id=\"45c176d7\" data-element_type=\"section\">\n\t\t\t\t\t\t<div class=\"elementor-container elementor-column-gap-default\">\n\t\t\t\t\t<div class=\"elementor-column elementor-col-100 elementor-top-column elementor-element elementor-element-769113ad\" data-id=\"769113ad\" data-element_type=\"column\">\n\t\t\t<div class=\"elementor-widget-wrap elementor-element-populated\">\n\t\t\t\t\t\t<div class=\"elementor-element elementor-element-6633ba3f elementor-align-center elementor-mobile-align-center elementor-widget elementor-widget-button\" data-id=\"6633ba3f\" data-element_type=\"widget\" data-widget_type=\"button.default\">\n\t\t\t\t<div class=\"elementor-widget-container\">\n\t\t\t\t\t\t\t<div class=\"elementor-button-wrapper\">\n\t\t\t\t\t<a class=\"elementor-button elementor-button-link elementor-size-sm elementor-animation-grow\" href=\"https:\/\/api.whatsapp.com\/send?phone=5548991445009&#038;text=Ol%C3%A1!%20Estou%20no%20site%20do%20IUSC%20e%20gostaria%20de%20agendar%20uma%20consulta\">\n\t\t\t\t\t\t<span class=\"elementor-button-content-wrapper\">\n\t\t\t\t\t\t<span class=\"elementor-button-icon\">\n\t\t\t\t<i aria-hidden=\"true\" class=\"fab fa-whatsapp\"><\/i>\t\t\t<\/span>\n\t\t\t\t\t\t\t\t\t<span class=\"elementor-button-text\">Agende sua Consulta!<\/span>\n\t\t\t\t\t<\/span>\n\t\t\t\t\t<\/a>\n\t\t\t\t<\/div>\n\t\t\t\t\t\t<\/div>\n\t\t\t\t<\/div>\n\t\t\t\t\t<\/div>\n\t\t<\/div>\n\t\t\t\t\t<\/div>\n\t\t<\/section>\n\t\t\t\t<\/div>\n\t\t","protected":false},"excerpt":{"rendered":"<p>urologia Incontin\u00eancia urin\u00e1ria feminina e masculina O que \u00e9 a incontin\u00eancia urin\u00e1ria ? A incontin\u00eancia urin\u00e1ria \u00e9 uma condi\u00e7\u00e3o que pode afetar homens e mulheres de todas asidades, impactando significativamente a qualidade de vida.No Instituto de Urologia SC, oferecemos uma abordagem compassiva e especializada paradiagnosticar e tratar a incontin\u00eancia urin\u00e1ria, visando restaurar a confian\u00e7a e [&hellip;]<\/p>\n","protected":false},"author":123458,"featured_media":0,"parent":0,"menu_order":0,"comment_status":"closed","ping_status":"closed","template":"","meta":{"_joinchat":[],"footnotes":""},"class_list":["post-8234","page","type-page","status-publish","hentry"],"_links":{"self":[{"href":"https:\/\/iusc.com.br\/wp-json\/wp\/v2\/pages\/8234"}],"collection":[{"href":"https:\/\/iusc.com.br\/wp-json\/wp\/v2\/pages"}],"about":[{"href":"https:\/\/iusc.com.br\/wp-json\/wp\/v2\/types\/page"}],"author":[{"embeddable":true,"href":"https:\/\/iusc.com.br\/wp-json\/wp\/v2\/users\/123458"}],"replies":[{"embeddable":true,"href":"https:\/\/iusc.com.br\/wp-json\/wp\/v2\/comments?post=8234"}],"version-history":[{"count":10,"href":"https:\/\/iusc.com.br\/wp-json\/wp\/v2\/pages\/8234\/revisions"}],"predecessor-version":[{"id":8245,"href":"https:\/\/iusc.com.br\/wp-json\/wp\/v2\/pages\/8234\/revisions\/8245"}],"wp:attachment":[{"href":"https:\/\/iusc.com.br\/wp-json\/wp\/v2\/media?parent=8234"}],"curies":[{"name":"wp","href":"https:\/\/api.w.org\/{rel}","templated":true}]}}