{"id":8143,"date":"2024-01-11T14:25:35","date_gmt":"2024-01-11T17:25:35","guid":{"rendered":"https:\/\/iusc.com.br\/?page_id=8143"},"modified":"2024-01-11T15:40:00","modified_gmt":"2024-01-11T18:40:00","slug":"hpv-verrugas-e-lesoes-genitais","status":"publish","type":"page","link":"https:\/\/iusc.com.br\/hpv-verrugas-e-lesoes-genitais\/","title":{"rendered":"HPV, verrugas e les\u00f5es genitais"},"content":{"rendered":"\t\t<div data-elementor-type=\"wp-page\" data-elementor-id=\"8143\" class=\"elementor elementor-8143\" data-elementor-post-type=\"page\">\n\t\t\t\t\t\t<section class=\"elementor-section elementor-top-section elementor-element elementor-element-4c216970 elementor-section-boxed elementor-section-height-default elementor-section-height-default\" data-id=\"4c216970\" data-element_type=\"section\" data-settings=\"{&quot;background_background&quot;:&quot;classic&quot;}\">\n\t\t\t\t\t\t<div class=\"elementor-container elementor-column-gap-default\">\n\t\t\t\t\t<div class=\"elementor-column elementor-col-100 elementor-top-column elementor-element elementor-element-5cf10b57\" data-id=\"5cf10b57\" data-element_type=\"column\">\n\t\t\t<div class=\"elementor-widget-wrap elementor-element-populated\">\n\t\t\t\t\t\t<div class=\"elementor-element elementor-element-c1d1e3f elementor-widget elementor-widget-heading\" data-id=\"c1d1e3f\" data-element_type=\"widget\" data-widget_type=\"heading.default\">\n\t\t\t\t<div class=\"elementor-widget-container\">\n\t\t\t<h2 class=\"elementor-heading-title elementor-size-default\">urologia<\/h2>\t\t<\/div>\n\t\t\t\t<\/div>\n\t\t\t\t\t<\/div>\n\t\t<\/div>\n\t\t\t\t\t<\/div>\n\t\t<\/section>\n\t\t\t\t<section class=\"elementor-section elementor-top-section elementor-element elementor-element-1893fa3 elementor-section-boxed elementor-section-height-default elementor-section-height-default\" data-id=\"1893fa3\" data-element_type=\"section\" data-settings=\"{&quot;background_background&quot;:&quot;classic&quot;}\">\n\t\t\t\t\t\t\t<div class=\"elementor-background-overlay\"><\/div>\n\t\t\t\t\t\t\t<div class=\"elementor-container elementor-column-gap-default\">\n\t\t\t\t\t<div class=\"elementor-column elementor-col-100 elementor-top-column elementor-element elementor-element-7a27cae5\" data-id=\"7a27cae5\" data-element_type=\"column\">\n\t\t\t<div class=\"elementor-widget-wrap elementor-element-populated\">\n\t\t\t\t\t\t<div class=\"elementor-element elementor-element-a2403dd elementor-widget elementor-widget-heading\" data-id=\"a2403dd\" data-element_type=\"widget\" data-widget_type=\"heading.default\">\n\t\t\t\t<div class=\"elementor-widget-container\">\n\t\t\t<h2 class=\"elementor-heading-title elementor-size-default\">HPV, verrugas e les\u00f5es genitais<\/h2>\t\t<\/div>\n\t\t\t\t<\/div>\n\t\t\t\t<div class=\"elementor-element elementor-element-b951917 elementor-widget elementor-widget-text-editor\" data-id=\"b951917\" data-element_type=\"widget\" data-widget_type=\"text-editor.default\">\n\t\t\t\t<div class=\"elementor-widget-container\">\n\t\t\t\t\t\t\t<p>O Papilomav\u00edrus Humano (HPV) \u00e9 uma infec\u00e7\u00e3o sexualmente transmiss\u00edvel comum que pode<br \/>levar ao desenvolvimento de verrugas genitais e les\u00f5es no trato genital.<br \/>No Instituto de Urologia SC, oferecemos uma abordagem especializada para diagnosticar, tratar<br \/>e fornecer suporte abrangente para aqueles afetados pelo HPV e suas manifesta\u00e7\u00f5es.<\/p>\t\t\t\t\t\t<\/div>\n\t\t\t\t<\/div>\n\t\t\t\t<section class=\"elementor-section elementor-inner-section elementor-element elementor-element-5723c5a8 elementor-section-boxed elementor-section-height-default elementor-section-height-default\" data-id=\"5723c5a8\" data-element_type=\"section\">\n\t\t\t\t\t\t<div class=\"elementor-container elementor-column-gap-default\">\n\t\t\t\t\t<div class=\"elementor-column elementor-col-100 elementor-inner-column elementor-element elementor-element-221c4a65\" data-id=\"221c4a65\" data-element_type=\"column\">\n\t\t\t<div class=\"elementor-widget-wrap elementor-element-populated\">\n\t\t\t\t\t\t<div class=\"elementor-element elementor-element-6599b0da elementor-widget elementor-widget-heading\" data-id=\"6599b0da\" data-element_type=\"widget\" data-widget_type=\"heading.default\">\n\t\t\t\t<div class=\"elementor-widget-container\">\n\t\t\t<h2 class=\"elementor-heading-title elementor-size-default\">Diagn\u00f3stico preciso:<\/h2>\t\t<\/div>\n\t\t\t\t<\/div>\n\t\t\t\t<div class=\"elementor-element elementor-element-60dec93b elementor-widget elementor-widget-text-editor\" data-id=\"60dec93b\" data-element_type=\"widget\" data-widget_type=\"text-editor.default\">\n\t\t\t\t<div class=\"elementor-widget-container\">\n\t\t\t\t\t\t\t<p><strong> Exame cl\u00ednico:<\/strong> Avalia\u00e7\u00e3o das verrugas e les\u00f5es por um profissional de sa\u00fade.<br \/><strong>Testes de DNA:<\/strong> Em casos espec\u00edficos, testes de DNA podem ser realizados para<br \/>identificar a presen\u00e7a do HPV.<\/p>\t\t\t\t\t\t<\/div>\n\t\t\t\t<\/div>\n\t\t\t\t\t<\/div>\n\t\t<\/div>\n\t\t\t\t\t<\/div>\n\t\t<\/section>\n\t\t\t\t<section class=\"elementor-section elementor-inner-section elementor-element elementor-element-32c10239 elementor-section-boxed elementor-section-height-default elementor-section-height-default\" data-id=\"32c10239\" data-element_type=\"section\">\n\t\t\t\t\t\t<div class=\"elementor-container elementor-column-gap-default\">\n\t\t\t\t\t<div class=\"elementor-column elementor-col-100 elementor-inner-column elementor-element elementor-element-5dbf69c\" data-id=\"5dbf69c\" data-element_type=\"column\">\n\t\t\t<div class=\"elementor-widget-wrap elementor-element-populated\">\n\t\t\t\t\t\t<div class=\"elementor-element elementor-element-113ce4fb elementor-widget elementor-widget-heading\" data-id=\"113ce4fb\" data-element_type=\"widget\" data-widget_type=\"heading.default\">\n\t\t\t\t<div class=\"elementor-widget-container\">\n\t\t\t<h2 class=\"elementor-heading-title elementor-size-default\">Tratamento das verrugas genitais:<\/h2>\t\t<\/div>\n\t\t\t\t<\/div>\n\t\t\t\t<div class=\"elementor-element elementor-element-4149d40 elementor-widget elementor-widget-text-editor\" data-id=\"4149d40\" data-element_type=\"widget\" data-widget_type=\"text-editor.default\">\n\t\t\t\t<div class=\"elementor-widget-container\">\n\t\t\t\t\t\t\t<p><strong>Medicamentos t\u00f3picos:<\/strong> Cremes ou solu\u00e7\u00f5es aplicados diretamente nas verrugas<br \/>podem ser prescritos.<br \/><strong>Procedimentos:<\/strong> Em casos mais persistentes, procedimentos como crioterapia<br \/>(congelamento), eletrocauteriza\u00e7\u00e3o ou laser podem ser considerados para remover as<br \/>verrugas.<\/p>\t\t\t\t\t\t<\/div>\n\t\t\t\t<\/div>\n\t\t\t\t\t<\/div>\n\t\t<\/div>\n\t\t\t\t\t<\/div>\n\t\t<\/section>\n\t\t\t\t<section class=\"elementor-section elementor-inner-section elementor-element elementor-element-6970557c elementor-section-boxed elementor-section-height-default elementor-section-height-default\" data-id=\"6970557c\" data-element_type=\"section\">\n\t\t\t\t\t\t<div class=\"elementor-container elementor-column-gap-default\">\n\t\t\t\t\t<div class=\"elementor-column elementor-col-100 elementor-inner-column elementor-element elementor-element-10a08544\" data-id=\"10a08544\" data-element_type=\"column\">\n\t\t\t<div class=\"elementor-widget-wrap elementor-element-populated\">\n\t\t\t\t\t\t<div class=\"elementor-element elementor-element-2247d3e8 elementor-widget elementor-widget-heading\" data-id=\"2247d3e8\" data-element_type=\"widget\" data-widget_type=\"heading.default\">\n\t\t\t\t<div class=\"elementor-widget-container\">\n\t\t\t<h2 class=\"elementor-heading-title elementor-size-default\">Monitoramento e acompanhamento:<\/h2>\t\t<\/div>\n\t\t\t\t<\/div>\n\t\t\t\t<div class=\"elementor-element elementor-element-4a77c4d3 elementor-widget elementor-widget-text-editor\" data-id=\"4a77c4d3\" data-element_type=\"widget\" data-widget_type=\"text-editor.default\">\n\t\t\t\t<div class=\"elementor-widget-container\">\n\t\t\t\t\t\t\t<p><strong> Consultas regulares:<\/strong> Acompanhamento regular \u00e9 essencial para avaliar a efic\u00e1cia do<br \/>tratamento, monitorar recorr\u00eancias e ajustar a abordagem conforme necess\u00e1rio.<\/p>\t\t\t\t\t\t<\/div>\n\t\t\t\t<\/div>\n\t\t\t\t<div class=\"elementor-element elementor-element-39788c65 elementor-widget elementor-widget-heading\" data-id=\"39788c65\" data-element_type=\"widget\" data-widget_type=\"heading.default\">\n\t\t\t\t<div class=\"elementor-widget-container\">\n\t\t\t<h2 class=\"elementor-heading-title elementor-size-default\">Vacina\u00e7\u00e3o contra o HPV:\n<\/h2>\t\t<\/div>\n\t\t\t\t<\/div>\n\t\t\t\t<div class=\"elementor-element elementor-element-1ba58ecb elementor-widget elementor-widget-text-editor\" data-id=\"1ba58ecb\" data-element_type=\"widget\" data-widget_type=\"text-editor.default\">\n\t\t\t\t<div class=\"elementor-widget-container\">\n\t\t\t\t\t\t\t<p><strong> Preven\u00e7\u00e3o prim\u00e1ria:<\/strong> A vacina\u00e7\u00e3o \u00e9 uma forma eficaz de prevenir infec\u00e7\u00f5es por tipos de<br \/>HPV associados a verrugas genitais e alguns tipos de c\u00e2ncer, incluindo o c\u00e2ncer de colo<br \/>do \u00fatero.<\/p>\t\t\t\t\t\t<\/div>\n\t\t\t\t<\/div>\n\t\t\t\t<div class=\"elementor-element elementor-element-8540034 elementor-widget elementor-widget-heading\" data-id=\"8540034\" data-element_type=\"widget\" data-widget_type=\"heading.default\">\n\t\t\t\t<div class=\"elementor-widget-container\">\n\t\t\t<h2 class=\"elementor-heading-title elementor-size-default\">Educa\u00e7\u00e3o e orienta\u00e7\u00e3o:<\/h2>\t\t<\/div>\n\t\t\t\t<\/div>\n\t\t\t\t<div class=\"elementor-element elementor-element-60b3d721 elementor-widget elementor-widget-text-editor\" data-id=\"60b3d721\" data-element_type=\"widget\" data-widget_type=\"text-editor.default\">\n\t\t\t\t<div class=\"elementor-widget-container\">\n\t\t\t\t\t\t\t<p><strong>Informa\u00e7\u00e3o sobre transmiss\u00e3o:<\/strong> Compreens\u00e3o dos modos de transmiss\u00e3o e pr\u00e1ticas<br \/>seguras para reduzir o risco de contrair ou transmitir o HPV.<br \/><strong>Conscientiza\u00e7\u00e3o sobre riscos:<\/strong> Informa\u00e7\u00e3o sobre o risco aumentado de c\u00e2ncer em casos<br \/>persistentes de HPV e a import\u00e2ncia do rastreamento regular.<\/p>\t\t\t\t\t\t<\/div>\n\t\t\t\t<\/div>\n\t\t\t\t<div class=\"elementor-element elementor-element-9cf1e94 elementor-widget elementor-widget-heading\" data-id=\"9cf1e94\" data-element_type=\"widget\" data-widget_type=\"heading.default\">\n\t\t\t\t<div class=\"elementor-widget-container\">\n\t\t\t<h2 class=\"elementor-heading-title elementor-size-default\"> Abordagem multidisciplinar:\n<\/h2>\t\t<\/div>\n\t\t\t\t<\/div>\n\t\t\t\t<div class=\"elementor-element elementor-element-a5dbb1f elementor-widget elementor-widget-text-editor\" data-id=\"a5dbb1f\" data-element_type=\"widget\" data-widget_type=\"text-editor.default\">\n\t\t\t\t<div class=\"elementor-widget-container\">\n\t\t\t\t\t\t\t<p><strong>Colabora\u00e7\u00e3o com especialistas:<\/strong> Em casos de les\u00f5es genitais persistentes ou suspeitas<br \/>de c\u00e2ncer, a colabora\u00e7\u00e3o com oncologistas ou outros especialistas pode ser necess\u00e1ria<br \/>para avalia\u00e7\u00e3o adicional.<\/p>\t\t\t\t\t\t<\/div>\n\t\t\t\t<\/div>\n\t\t\t\t<div class=\"elementor-element elementor-element-da9b7bf elementor-widget elementor-widget-heading\" data-id=\"da9b7bf\" data-element_type=\"widget\" data-widget_type=\"heading.default\">\n\t\t\t\t<div class=\"elementor-widget-container\">\n\t\t\t<h2 class=\"elementor-heading-title elementor-size-default\"> Educa\u00e7\u00e3o para preven\u00e7\u00e3o:<\/h2>\t\t<\/div>\n\t\t\t\t<\/div>\n\t\t\t\t<div class=\"elementor-element elementor-element-a786075 elementor-widget elementor-widget-text-editor\" data-id=\"a786075\" data-element_type=\"widget\" data-widget_type=\"text-editor.default\">\n\t\t\t\t<div class=\"elementor-widget-container\">\n\t\t\t\t\t\t\t<p><strong>Pr\u00e1ticas sexuais seguras:<\/strong> Educa\u00e7\u00e3o sobre pr\u00e1ticas sexuais seguras, incluindo o uso<br \/>consistente de preservativos, para reduzir o risco de transmiss\u00e3o.<\/p>\t\t\t\t\t\t<\/div>\n\t\t\t\t<\/div>\n\t\t\t\t<div class=\"elementor-element elementor-element-07e565b elementor-widget elementor-widget-text-editor\" data-id=\"07e565b\" data-element_type=\"widget\" data-widget_type=\"text-editor.default\">\n\t\t\t\t<div class=\"elementor-widget-container\">\n\t\t\t\t\t\t\t<p>Se voc\u00ea suspeita de verrugas genitais, les\u00f5es genitais ou est\u00e1 preocupado com o HPV, agende<br \/>uma consulta no Instituto de Urologia SC.<br \/>Estamos comprometidos em fornecer cuidados especializados, diagn\u00f3stico preciso e<br \/>tratamento eficaz, al\u00e9m de oferecer suporte emocional durante todo o processo.<\/p>\t\t\t\t\t\t<\/div>\n\t\t\t\t<\/div>\n\t\t\t\t\t<\/div>\n\t\t<\/div>\n\t\t\t\t\t<\/div>\n\t\t<\/section>\n\t\t\t\t\t<\/div>\n\t\t<\/div>\n\t\t\t\t\t<\/div>\n\t\t<\/section>\n\t\t\t\t<section class=\"elementor-section elementor-top-section elementor-element elementor-element-1b52abdd elementor-section-boxed elementor-section-height-default elementor-section-height-default\" data-id=\"1b52abdd\" data-element_type=\"section\">\n\t\t\t\t\t\t<div class=\"elementor-container elementor-column-gap-default\">\n\t\t\t\t\t<div class=\"elementor-column elementor-col-100 elementor-top-column elementor-element elementor-element-331a316\" data-id=\"331a316\" data-element_type=\"column\">\n\t\t\t<div class=\"elementor-widget-wrap elementor-element-populated\">\n\t\t\t\t\t\t<div class=\"elementor-element elementor-element-6eaad8d3 elementor-align-center elementor-mobile-align-center elementor-widget elementor-widget-button\" data-id=\"6eaad8d3\" data-element_type=\"widget\" data-widget_type=\"button.default\">\n\t\t\t\t<div class=\"elementor-widget-container\">\n\t\t\t\t\t\t\t<div class=\"elementor-button-wrapper\">\n\t\t\t\t\t<a class=\"elementor-button elementor-button-link elementor-size-sm elementor-animation-grow\" href=\"https:\/\/api.whatsapp.com\/send?phone=5548991445009&#038;text=Ol%C3%A1!%20Estou%20no%20site%20do%20IUSC%20e%20gostaria%20de%20agendar%20uma%20consulta\">\n\t\t\t\t\t\t<span class=\"elementor-button-content-wrapper\">\n\t\t\t\t\t\t<span class=\"elementor-button-icon\">\n\t\t\t\t<i aria-hidden=\"true\" class=\"fab fa-whatsapp\"><\/i>\t\t\t<\/span>\n\t\t\t\t\t\t\t\t\t<span class=\"elementor-button-text\">Agende sua Consulta!<\/span>\n\t\t\t\t\t<\/span>\n\t\t\t\t\t<\/a>\n\t\t\t\t<\/div>\n\t\t\t\t\t\t<\/div>\n\t\t\t\t<\/div>\n\t\t\t\t\t<\/div>\n\t\t<\/div>\n\t\t\t\t\t<\/div>\n\t\t<\/section>\n\t\t\t\t<\/div>\n\t\t","protected":false},"excerpt":{"rendered":"<p>urologia HPV, verrugas e les\u00f5es genitais O Papilomav\u00edrus Humano (HPV) \u00e9 uma infec\u00e7\u00e3o sexualmente transmiss\u00edvel comum que podelevar ao desenvolvimento de verrugas genitais e les\u00f5es no trato genital.No Instituto de Urologia SC, oferecemos uma abordagem especializada para diagnosticar, tratare fornecer suporte abrangente para aqueles afetados pelo HPV e suas manifesta\u00e7\u00f5es. Diagn\u00f3stico preciso: Exame cl\u00ednico: Avalia\u00e7\u00e3o [&hellip;]<\/p>\n","protected":false},"author":123458,"featured_media":0,"parent":0,"menu_order":0,"comment_status":"closed","ping_status":"closed","template":"","meta":{"_joinchat":[],"footnotes":""},"class_list":["post-8143","page","type-page","status-publish","hentry"],"_links":{"self":[{"href":"https:\/\/iusc.com.br\/wp-json\/wp\/v2\/pages\/8143"}],"collection":[{"href":"https:\/\/iusc.com.br\/wp-json\/wp\/v2\/pages"}],"about":[{"href":"https:\/\/iusc.com.br\/wp-json\/wp\/v2\/types\/page"}],"author":[{"embeddable":true,"href":"https:\/\/iusc.com.br\/wp-json\/wp\/v2\/users\/123458"}],"replies":[{"embeddable":true,"href":"https:\/\/iusc.com.br\/wp-json\/wp\/v2\/comments?post=8143"}],"version-history":[{"count":25,"href":"https:\/\/iusc.com.br\/wp-json\/wp\/v2\/pages\/8143\/revisions"}],"predecessor-version":[{"id":8169,"href":"https:\/\/iusc.com.br\/wp-json\/wp\/v2\/pages\/8143\/revisions\/8169"}],"wp:attachment":[{"href":"https:\/\/iusc.com.br\/wp-json\/wp\/v2\/media?parent=8143"}],"curies":[{"name":"wp","href":"https:\/\/api.w.org\/{rel}","templated":true}]}}