{"id":8128,"date":"2024-01-11T10:07:48","date_gmt":"2024-01-11T13:07:48","guid":{"rendered":"https:\/\/iusc.com.br\/?page_id=8128"},"modified":"2024-01-11T14:14:06","modified_gmt":"2024-01-11T17:14:06","slug":"ejaculacao-precoce","status":"publish","type":"page","link":"https:\/\/iusc.com.br\/ejaculacao-precoce\/","title":{"rendered":"Ejacula\u00e7\u00e3o precoce"},"content":{"rendered":"\t\t<div data-elementor-type=\"wp-page\" data-elementor-id=\"8128\" class=\"elementor elementor-8128\" data-elementor-post-type=\"page\">\n\t\t\t\t\t\t<section class=\"elementor-section elementor-top-section elementor-element elementor-element-2cf959cd elementor-section-boxed elementor-section-height-default elementor-section-height-default\" data-id=\"2cf959cd\" data-element_type=\"section\" data-settings=\"{&quot;background_background&quot;:&quot;classic&quot;}\">\n\t\t\t\t\t\t<div class=\"elementor-container elementor-column-gap-default\">\n\t\t\t\t\t<div class=\"elementor-column elementor-col-100 elementor-top-column elementor-element elementor-element-52e1cfc9\" data-id=\"52e1cfc9\" data-element_type=\"column\">\n\t\t\t<div class=\"elementor-widget-wrap elementor-element-populated\">\n\t\t\t\t\t\t<div class=\"elementor-element elementor-element-7f136814 elementor-widget elementor-widget-heading\" data-id=\"7f136814\" data-element_type=\"widget\" data-widget_type=\"heading.default\">\n\t\t\t\t<div class=\"elementor-widget-container\">\n\t\t\t<h2 class=\"elementor-heading-title elementor-size-default\">urologia<\/h2>\t\t<\/div>\n\t\t\t\t<\/div>\n\t\t\t\t\t<\/div>\n\t\t<\/div>\n\t\t\t\t\t<\/div>\n\t\t<\/section>\n\t\t\t\t<section class=\"elementor-section elementor-top-section elementor-element elementor-element-2a0bc901 elementor-section-boxed elementor-section-height-default elementor-section-height-default\" data-id=\"2a0bc901\" data-element_type=\"section\" data-settings=\"{&quot;background_background&quot;:&quot;classic&quot;}\">\n\t\t\t\t\t\t\t<div class=\"elementor-background-overlay\"><\/div>\n\t\t\t\t\t\t\t<div class=\"elementor-container elementor-column-gap-default\">\n\t\t\t\t\t<div class=\"elementor-column elementor-col-100 elementor-top-column elementor-element elementor-element-19faccdb\" data-id=\"19faccdb\" data-element_type=\"column\">\n\t\t\t<div class=\"elementor-widget-wrap elementor-element-populated\">\n\t\t\t\t\t\t<div class=\"elementor-element elementor-element-3177b30c elementor-widget elementor-widget-heading\" data-id=\"3177b30c\" data-element_type=\"widget\" data-widget_type=\"heading.default\">\n\t\t\t\t<div class=\"elementor-widget-container\">\n\t\t\t<h2 class=\"elementor-heading-title elementor-size-default\">Ejacula\u00e7\u00e3o precoce<\/h2>\t\t<\/div>\n\t\t\t\t<\/div>\n\t\t\t\t<div class=\"elementor-element elementor-element-21f6d53 elementor-widget elementor-widget-text-editor\" data-id=\"21f6d53\" data-element_type=\"widget\" data-widget_type=\"text-editor.default\">\n\t\t\t\t<div class=\"elementor-widget-container\">\n\t\t\t\t\t\t\t<p>A ejacula\u00e7\u00e3o precoce (EP) \u00e9 uma condi\u00e7\u00e3o sexual masculina caracterizada pela incapacidade de controlar o tempo at\u00e9 a ejacula\u00e7\u00e3o, resultando em um orgasmo muito r\u00e1pido e frequentemente antes do desejado.<\/p><p>No Instituto de Urologia SC, reconhecemos a sensibilidade dessa quest\u00e3o e oferecemos um tratamento personalizado e compassivo para diagnosticar e tratar a ejacula\u00e7\u00e3o precoce.<\/p>\t\t\t\t\t\t<\/div>\n\t\t\t\t<\/div>\n\t\t\t\t<section class=\"elementor-section elementor-inner-section elementor-element elementor-element-22cc5ad4 elementor-section-boxed elementor-section-height-default elementor-section-height-default\" data-id=\"22cc5ad4\" data-element_type=\"section\">\n\t\t\t\t\t\t<div class=\"elementor-container elementor-column-gap-default\">\n\t\t\t\t\t<div class=\"elementor-column elementor-col-100 elementor-inner-column elementor-element elementor-element-146ea873\" data-id=\"146ea873\" data-element_type=\"column\">\n\t\t\t<div class=\"elementor-widget-wrap elementor-element-populated\">\n\t\t\t\t\t\t<div class=\"elementor-element elementor-element-699fc442 elementor-widget elementor-widget-heading\" data-id=\"699fc442\" data-element_type=\"widget\" data-widget_type=\"heading.default\">\n\t\t\t\t<div class=\"elementor-widget-container\">\n\t\t\t<h2 class=\"elementor-heading-title elementor-size-default\">Causas da ejacula\u00e7\u00e3o precoce:<\/h2>\t\t<\/div>\n\t\t\t\t<\/div>\n\t\t\t\t<div class=\"elementor-element elementor-element-46f86133 elementor-widget elementor-widget-text-editor\" data-id=\"46f86133\" data-element_type=\"widget\" data-widget_type=\"text-editor.default\">\n\t\t\t\t<div class=\"elementor-widget-container\">\n\t\t\t\t\t\t\t<p><strong>Fatores psicol\u00f3gicos:<\/strong> Ansiedade, estresse, depress\u00e3o e preocupa\u00e7\u00f5es emocionais podem desempenhar um papel.<br \/><strong>Fatores biol\u00f3gicos:<\/strong> Dist\u00farbios hormonais, condi\u00e7\u00f5es neurol\u00f3gicas ou gen\u00e9ticas podem contribuir.<br \/><strong>H\u00e1bitos sexuais<\/strong>: Padr\u00f5es de masturba\u00e7\u00e3o r\u00e1pida podem influenciar a resposta sexual.<br \/><strong>Problemas de relacionamento:<\/strong> Tens\u00f5es conjugais podem afetar a fun\u00e7\u00e3o sexual.<\/p>\t\t\t\t\t\t<\/div>\n\t\t\t\t<\/div>\n\t\t\t\t\t<\/div>\n\t\t<\/div>\n\t\t\t\t\t<\/div>\n\t\t<\/section>\n\t\t\t\t<section class=\"elementor-section elementor-inner-section elementor-element elementor-element-2fe127e0 elementor-section-boxed elementor-section-height-default elementor-section-height-default\" data-id=\"2fe127e0\" data-element_type=\"section\">\n\t\t\t\t\t\t<div class=\"elementor-container elementor-column-gap-default\">\n\t\t\t\t\t<div class=\"elementor-column elementor-col-100 elementor-inner-column elementor-element elementor-element-4305fe64\" data-id=\"4305fe64\" data-element_type=\"column\">\n\t\t\t<div class=\"elementor-widget-wrap elementor-element-populated\">\n\t\t\t\t\t\t<div class=\"elementor-element elementor-element-45da27c3 elementor-widget elementor-widget-heading\" data-id=\"45da27c3\" data-element_type=\"widget\" data-widget_type=\"heading.default\">\n\t\t\t\t<div class=\"elementor-widget-container\">\n\t\t\t<h2 class=\"elementor-heading-title elementor-size-default\">Abordagem diagn\u00f3stica<\/h2>\t\t<\/div>\n\t\t\t\t<\/div>\n\t\t\t\t<div class=\"elementor-element elementor-element-16ebce3e elementor-widget elementor-widget-text-editor\" data-id=\"16ebce3e\" data-element_type=\"widget\" data-widget_type=\"text-editor.default\">\n\t\t\t\t<div class=\"elementor-widget-container\">\n\t\t\t\t\t\t\t<p>A avalia\u00e7\u00e3o da ejacula\u00e7\u00e3o precoce pode incluir:<\/p><p><strong>Hist\u00f3rico m\u00e9dico:<\/strong> Discuss\u00e3o dos sintomas, padr\u00f5es sexuais e fatores de estresse.<br \/><strong>Exame f\u00edsico:<\/strong> Avalia\u00e7\u00e3o dos \u00f3rg\u00e3os genitais e sinais de poss\u00edveis condi\u00e7\u00f5es m\u00e9dicas.<br \/><strong>Avalia\u00e7\u00e3o psicol\u00f3gica:<\/strong> Entendimento dos fatores emocionais e psicol\u00f3gicos envolvidos.<\/p>\t\t\t\t\t\t<\/div>\n\t\t\t\t<\/div>\n\t\t\t\t\t<\/div>\n\t\t<\/div>\n\t\t\t\t\t<\/div>\n\t\t<\/section>\n\t\t\t\t<section class=\"elementor-section elementor-inner-section elementor-element elementor-element-1ee16167 elementor-section-boxed elementor-section-height-default elementor-section-height-default\" data-id=\"1ee16167\" data-element_type=\"section\">\n\t\t\t\t\t\t<div class=\"elementor-container elementor-column-gap-default\">\n\t\t\t\t\t<div class=\"elementor-column elementor-col-100 elementor-inner-column elementor-element elementor-element-3080578e\" data-id=\"3080578e\" data-element_type=\"column\">\n\t\t\t<div class=\"elementor-widget-wrap elementor-element-populated\">\n\t\t\t\t\t\t<div class=\"elementor-element elementor-element-22e8cfa6 elementor-widget elementor-widget-heading\" data-id=\"22e8cfa6\" data-element_type=\"widget\" data-widget_type=\"heading.default\">\n\t\t\t\t<div class=\"elementor-widget-container\">\n\t\t\t<h2 class=\"elementor-heading-title elementor-size-default\">Op\u00e7\u00f5es de tratamento<\/h2>\t\t<\/div>\n\t\t\t\t<\/div>\n\t\t\t\t<div class=\"elementor-element elementor-element-64c25845 elementor-widget elementor-widget-text-editor\" data-id=\"64c25845\" data-element_type=\"widget\" data-widget_type=\"text-editor.default\">\n\t\t\t\t<div class=\"elementor-widget-container\">\n\t\t\t\t\t\t\t<p><strong>Terapia psicol\u00f3gica:<\/strong> A terapia cognitivo-comportamental pode ajudar a identificar e modificar padr\u00f5es de pensamento que contribuem para a ejacula\u00e7\u00e3o precoce.<br \/><strong>T\u00e9cnicas comportamentais:<\/strong> Exerc\u00edcios, como a t\u00e9cnica de parar e come\u00e7ar, podem ser eficazes no treinamento para melhorar o controle ejaculat\u00f3rio.<br \/><strong>Medicamentos:<\/strong> Alguns medicamentos podem ser prescritos para atrasar a ejacula\u00e7\u00e3o.<br \/><strong>Anest\u00e9sicos t\u00f3picos:<\/strong> Cremes ou sprays anest\u00e9sicos aplicados localmente podem ajudar a reduzir a sensibilidade peniana.<br \/><strong>Terapia de casal:<\/strong> Envolvimento do parceiro no processo terap\u00eautico para melhorar a comunica\u00e7\u00e3o e o entendimento m\u00fatuo.<\/p>\t\t\t\t\t\t<\/div>\n\t\t\t\t<\/div>\n\t\t\t\t\t<\/div>\n\t\t<\/div>\n\t\t\t\t\t<\/div>\n\t\t<\/section>\n\t\t\t\t\t<\/div>\n\t\t<\/div>\n\t\t\t\t\t<\/div>\n\t\t<\/section>\n\t\t\t\t<section class=\"elementor-section elementor-top-section elementor-element elementor-element-12bb201a elementor-section-boxed elementor-section-height-default elementor-section-height-default\" data-id=\"12bb201a\" data-element_type=\"section\">\n\t\t\t\t\t\t<div class=\"elementor-container elementor-column-gap-default\">\n\t\t\t\t\t<div class=\"elementor-column elementor-col-100 elementor-top-column elementor-element elementor-element-1f6f9dc1\" data-id=\"1f6f9dc1\" data-element_type=\"column\">\n\t\t\t<div class=\"elementor-widget-wrap elementor-element-populated\">\n\t\t\t\t\t\t<div class=\"elementor-element elementor-element-573064e elementor-align-center elementor-mobile-align-center elementor-widget elementor-widget-button\" data-id=\"573064e\" data-element_type=\"widget\" data-widget_type=\"button.default\">\n\t\t\t\t<div class=\"elementor-widget-container\">\n\t\t\t\t\t\t\t<div class=\"elementor-button-wrapper\">\n\t\t\t\t\t<a class=\"elementor-button elementor-button-link elementor-size-sm elementor-animation-grow\" href=\"https:\/\/api.whatsapp.com\/send?phone=5548991445009&#038;text=Ol%C3%A1!%20Estou%20no%20site%20do%20IUSC%20e%20gostaria%20de%20agendar%20uma%20consulta\">\n\t\t\t\t\t\t<span class=\"elementor-button-content-wrapper\">\n\t\t\t\t\t\t<span class=\"elementor-button-icon\">\n\t\t\t\t<i aria-hidden=\"true\" class=\"fab fa-whatsapp\"><\/i>\t\t\t<\/span>\n\t\t\t\t\t\t\t\t\t<span class=\"elementor-button-text\">Agende sua Consulta!<\/span>\n\t\t\t\t\t<\/span>\n\t\t\t\t\t<\/a>\n\t\t\t\t<\/div>\n\t\t\t\t\t\t<\/div>\n\t\t\t\t<\/div>\n\t\t\t\t\t<\/div>\n\t\t<\/div>\n\t\t\t\t\t<\/div>\n\t\t<\/section>\n\t\t\t\t<\/div>\n\t\t","protected":false},"excerpt":{"rendered":"<p>urologia Ejacula\u00e7\u00e3o precoce A ejacula\u00e7\u00e3o precoce (EP) \u00e9 uma condi\u00e7\u00e3o sexual masculina caracterizada pela incapacidade de controlar o tempo at\u00e9 a ejacula\u00e7\u00e3o, resultando em um orgasmo muito r\u00e1pido e frequentemente antes do desejado. No Instituto de Urologia SC, reconhecemos a sensibilidade dessa quest\u00e3o e oferecemos um tratamento personalizado e compassivo para diagnosticar e tratar a [&hellip;]<\/p>\n","protected":false},"author":123458,"featured_media":0,"parent":0,"menu_order":0,"comment_status":"closed","ping_status":"closed","template":"","meta":{"_joinchat":[],"footnotes":""},"class_list":["post-8128","page","type-page","status-publish","hentry"],"_links":{"self":[{"href":"https:\/\/iusc.com.br\/wp-json\/wp\/v2\/pages\/8128"}],"collection":[{"href":"https:\/\/iusc.com.br\/wp-json\/wp\/v2\/pages"}],"about":[{"href":"https:\/\/iusc.com.br\/wp-json\/wp\/v2\/types\/page"}],"author":[{"embeddable":true,"href":"https:\/\/iusc.com.br\/wp-json\/wp\/v2\/users\/123458"}],"replies":[{"embeddable":true,"href":"https:\/\/iusc.com.br\/wp-json\/wp\/v2\/comments?post=8128"}],"version-history":[{"count":13,"href":"https:\/\/iusc.com.br\/wp-json\/wp\/v2\/pages\/8128\/revisions"}],"predecessor-version":[{"id":8142,"href":"https:\/\/iusc.com.br\/wp-json\/wp\/v2\/pages\/8128\/revisions\/8142"}],"wp:attachment":[{"href":"https:\/\/iusc.com.br\/wp-json\/wp\/v2\/media?parent=8128"}],"curies":[{"name":"wp","href":"https:\/\/api.w.org\/{rel}","templated":true}]}}